
5
Let i be ((-3)/5)/((-3)/15). Suppose 2*y + i*u = u + 42, -y + 26 = -4*u. What is the greatest common divisor of y and 2?
2
Let v = 17 + 7. Let d = -8 + 11. What is the greatest common divisor of v and d?
3
Suppose 4*l = 55 - 15. What is the highest common factor of l and 4?
2
Let d(t) = -9 - 4*t + 6*t + 2*t - t. Let w be d(7). What is the greatest common factor of w and 3?
3
Let b be -3*1 - (-4 + 3). Let n = b - -26. What is the highest common factor of n and 12?
12
Suppose 0*s + 88 = s. Suppose 4*u = -2*q - 34, 5*q = -4*u - 0*u - 49. Let g be (-52)/u + (-4)/6. What is the greatest common factor of g and s?
8
Suppose -49 - 111 = -4*d. Suppose -n = 3*r - 60, -5*n - 4*r = -205 - 95. What is the greatest common divisor of d and n?
20
Let p = -5 + 9. Suppose p*z + 24 = 6*z. What is the greatest common divisor of z and 4?
4
Let w be (30 - -6)*(-22)/(-8). Calculate the highest common factor of w and 11.
11
Let g(j) = -j**3 + 7*j**2 - 5*j - 3. Let c be g(4). Calculate the highest common factor of c and 275.
25
Suppose 2*o + 3*f = 36, 3*o + 2*f + 3*f - 53 = 0. Let n = -158 + 389. Calculate the highest common divisor of n and o.
21
Let z be 7/((-2)/102*-3). What is the greatest common factor of 17 and z?
17
Suppose -5*m + 1734 = 454. Calculate the greatest common divisor of 32 and m.
32
Let t = 89 + -34. What is the greatest common factor of 22 and t?
11
Let l(s) = s + 2. Let h be l(0). Suppose 4*x + 32 = h*f, f - 5*x = 5*f - 90. Calculate the highest common divisor of 30 and f.
10
Let l be ((-4)/5)/(4/(-50)). Suppose 6*z = 53 + 97. Calculate the greatest common divisor of l and z.
5
Let q be 5 - 4 - 1*-2. What is the greatest common divisor of 6 and q?
3
Suppose -4*u - 124 = -4*v + 12, 5*u = 0. Suppose 0*p - 2*p + 34 = 0. What is the highest common divisor of v and p?
17
Let m be ((-2)/(-5))/(3/60). Let c be -2 + 88 - (-2 + 2). Let o = -54 + c. What is the greatest common factor of m and o?
8
Suppose -l + 0 + 4 = 0. Let g be ((-3)/(-2))/((-12)/(-32)). What is the greatest common factor of l and g?
4
Suppose 11*n = -3*n + 28. Calculate the greatest common divisor of 22 and n.
2
Let g(p) = -10*p + 0*p + p. Let v be g(-1). Let d(z) = z - 4. Let j be d(v). Calculate the greatest common divisor of 45 and j.
5
Let v(b) = 4*b**2 + b - 2. Let r be v(-2). Calculate the highest common factor of 108 and r.
12
Let k = -8 + 9. Let i be k/((-21)/(-10) + -2). Calculate the greatest common factor of 110 and i.
10
Let l(s) = 2*s**2 - 3*s - 5. Let g be 3/2*10/3. Let q be l(g). Let d = -29 - -41. What is the highest common divisor of d and q?
6
Let o be (-212)/(-7) - 10/35. Let a = o + 4. Let t be 34*((-6)/(-4) + -1). What is the highest common divisor of a and t?
17
Let y(s) be the first derivative of -17*s**4/2 + 2*s**3/3 - s + 1. Let z be y(-1). Calculate the greatest common divisor of z and 5.
5
Let r = 27 + 33. What is the highest common divisor of r and 12?
12
Let m(n) = -n**3 + 27*n**2 - 25*n - 12. Let h be m(26). What is the highest common divisor of h and 4?
2
Let f be (-2)/4*-1*2. Let i(w) = 185 - w + 13*w**2 - 185. Let q be i(f). What is the highest common divisor of 12 and q?
12
Suppose -r = k + 2*r + 6, -2*r - 18 = -4*k. Suppose 2*o = 5*o - 72. Let c = o + -9. Calculate the greatest common factor of k and c.
3
Let d(g) = -2*g**3 - 5*g**2 + 8*g + 2. Let a be d(-4). What is the greatest common factor of a and 90?
18
Suppose -5*f + 3*f + 8 = 0. Let y be (-2)/(-6) + (-34)/(-6). Calculate the highest common divisor of f and y.
2
Let u = 5 + 6. Let h = 21 + 56. Calculate the highest common divisor of h and u.
11
Suppose -k + 87 - 7 = 0. Let x = -28 + 64. Suppose 5*j - r - x = -2*r, -4*j - 3*r = -20. Calculate the greatest common factor of j and k.
8
Let x be 2*35*2/5. Suppose -55 = -4*i - 5*m, 0*i - 2*i + x = 2*m. What is the greatest common factor of i and 45?
15
Let d(q) = -q + 3. Suppose 4*n + g = -n, 2*n = 5*g. Let b be d(n). Suppose 5*f + 58 = 4*c, 3*f = 5*c - c - 54. What is the greatest common divisor of c and b?
3
Suppose -3*a + v + 66 = 0, 0 = 3*a - 2*a - 3*v - 22. Let m = -14 + a. What is the highest common divisor of m and 8?
8
Let w(t) = -5*t + 110. Let p be w(21). Suppose -5*j = -158 - 177. Suppose -3*a + 38 = -j. Calculate the greatest common factor of p and a.
5
Let q be 1/(-3) + 632/6. Let w(c) = c**2 + 5*c. Let v be w(-5). Suppose 3*g - 4*g + 15 = v. What is the greatest common factor of g and q?
15
Let k(y) = -8*y**3 - y**2 - y. Let z be k(-1). Suppose -88 = -4*c + 2*v, -5*c + 71 = 5*v - 69. Calculate the highest common factor of c and z.
8
Let f be (6 + 75/(-10))*40/(-6). Calculate the greatest common divisor of 80 and f.
10
Let n(r) = 23*r + 1. Let g be n(-1). Let i = 44 + g. Calculate the greatest common factor of 55 and i.
11
Suppose -8 - 1 = -c. Suppose 0*o + c = o. Calculate the highest common factor of 1 and o.
1
Suppose 17 = j - 4*b, b = 3*j + 10 - 72. What is the highest common divisor of j and 14?
7
Let o(f) be the third derivative of 29*f**4/24 - f**3/6 - 4*f**2. Let w be o(1). Let a be 2 - -1*6/3. Calculate the greatest common factor of a and w.
4
Suppose -2*z + 3*z = -3*y + 13, -4*y - z = -16. Suppose -2*k - 13 = 2*x + y, -4*k = -4*x. Let n = 8 + k. Calculate the greatest common divisor of n and 12.
4
Let k be (-81)/(-5) + 5/(-25). Let f be 7/21*(2 - -1). Let u be 18 + (-1)/(f/2). What is the highest common divisor of k and u?
16
Let f(v) = -v + 1. Let o be f(-12). Calculate the highest common factor of o and 13.
13
Suppose -7*q + a = -3*q - 62, 4*a + 23 = q. Calculate the highest common factor of q and 45.
15
Let j be ((-24)/30)/(2/10). Let c be j/(-10) - (-740)/25. What is the greatest common divisor of 20 and c?
10
Let h = -124 - -137. What is the highest common divisor of 13 and h?
13
Let f be (-6)/(-15) - 28/(-5). Suppose 0 = 2*s + f, 0*m = -4*m + s + 39. What is the greatest common factor of 45 and m?
9
Let w = 10 - 5. What is the greatest common divisor of 5 and w?
5
Let x(u) = 4*u + 2. Let z be x(1). Calculate the greatest common divisor of 54 and z.
6
Suppose -4*d = -6*d + 44. What is the greatest common divisor of 2 and d?
2
Let b = 74 - 18. Suppose -4*v + 58 = 2*j, 4*v + 2*j = j + 57. Calculate the highest common divisor of v and b.
14
Suppose -6*t + t = -120. Let y be -2 + -2 + 7 + (0 - 0). What is the greatest common factor of y and t?
3
Let x be 4/8*-1*8. Let l be (-2)/x*(11 + -7). Suppose 3*w = 8*w - 10. What is the greatest common divisor of w and l?
2
Let n = 77 + -108. Let t = n + 14. Let y = -5 - t. Calculate the greatest common divisor of 108 and y.
12
Suppose 3*s - 7*s = 2*b - 116, -5*s + 3*b = -145. What is the greatest common factor of 232 and s?
29
Let u(v) = 4*v + v**2 + 3*v - 4 - 1. Let g be u(-9). Calculate the greatest common factor of g and 117.
13
Let j(t) = 2*t**2 + 10*t + 15. Let g be j(-6). Let m = 29 - g. Calculate the greatest common divisor of m and 2.
2
Let i(g) = -2 + 1 - g + 5. Let b be i(3). Let y be b/(-3 - -1)*-14. Calculate the greatest common divisor of 7 and y.
7
Let p be 20/(2 - -2) + -2. Calculate the highest common divisor of p and 12.
3
Let c = 55 - 14. Let z be c/3 - 8/12. Calculate the highest common divisor of 117 and z.
13
Let t = -234 - -421. Calculate the highest common divisor of t and 17.
17
Let i(d) = 2*d**2 + 18*d + 24. Let z be i(-11). Let j be -2 + 7/(7/z). What is the greatest common factor of j and 6?
6
Let y(c) = -c**3 + c**2 + 104. Let n be y(0). Suppose 3*l + 2 = -2*u, 3*u - 2*u - 1 = -l. Let r = l - -17. Calculate the highest common divisor of r and n.
13
Let l(d) = 12*d**2 + 5. Let j be l(2). Calculate the highest common divisor of 530 and j.
53
Let v(u) = u**2 - 8*u + 1. Let z be v(11). Let y = 11 - -6. Calculate the greatest common divisor of z and y.
17
Let j = -15 + 36. Let q = 136 - 52. Calculate the highest common divisor of j and q.
21
Suppose 5*z + 4*z = 90. Calculate the greatest common factor of 90 and z.
10
Let l(u) = 19*u**3 + u - 1. Let h be l(1). Suppose 4 = -5*v + h. Calculate the greatest common factor of v and 3.
3
Suppose 4*g - 4*q - 256 = -9*q, 2*q = 0. Let v be (5 + 1)/(-1 + 3). Suppose -a = -5*s - 0*a + 37, -v*a = -s - 1. What is the greatest common factor of g and s?
8
Let t(w) = 1 + 5*w - 3*w + 5. Let u be t(6). Let y = 161 + -89. Calc